{"id":254,"date":"2014-12-19T18:21:25","date_gmt":"2014-12-19T18:21:25","guid":{"rendered":"http:\/\/zswlp.pl\/?page_id=254"},"modified":"2014-12-19T18:30:32","modified_gmt":"2014-12-19T18:30:32","slug":"edukacja-ekologiczna-dzieci-mlodziezy-i-doroslych-na-terenie-gminy-zawoja-w-zwiazku-z-nowa-organizacja-zbiorki-odpadow","status":"publish","type":"page","link":"https:\/\/zswlp.pl\/?page_id=254","title":{"rendered":"\u201eEdukacja ekologiczna , dzieci, m\u0142odzie\u017cy i doros\u0142ych na terenie gminy Zawoja w zwi\u0105zku z now\u0105 organizacj\u0105 zbi\u00f3rki odpad\u00f3w\u201d w ramach Dzia\u0142aj Lokalnie 2013."},"content":{"rendered":"<p>&nbsp;<\/p>\n<p>Zawojskie Stowarzyszenie W\u0142a\u015bcicieli Las\u00f3w Prywatnych uczestniczy\u0142o w konkursie grantowym og\u0142oszonym przez Babiog\u00f3rskie Stowarzyszenie Zielona Linia w Stryszawie realizuj\u0105c\u0105 program Dzia\u0142aj Lokalnie VIII Polsko-Ameryka\u0144skiej Fundacji Wolno\u015bci i pozyskano grant w wysoko\u015bci 3\u00a0000 tysi\u0105ce z\u0142. na realizacj\u0119 zadania <strong>\u201eEdukacja ekologiczna , dzieci, m\u0142odzie\u017cy i doros\u0142ych na terenie gminy Zawoja w zwi\u0105zku z now\u0105 organizacj\u0105 zbi\u00f3rki odpad\u00f3w\u201d.<\/strong><br \/>\nPrzy realizacji tego zadania wsp\u00f3\u0142pracowali: Urz\u0105d Gminy w Zawoi i osobi\u015bcie W\u00f3jt Gminy Zawoja Tadeusz Chowaniak, Le\u015bniczy Le\u015bnictwa Zawoja We\u0142cza Micha\u0142 Osika, so\u0142tys So\u0142ectwa Zawoja We\u0142cza Jolanta Bojarowicz, pracownicy Babiog\u00f3rskiego Centrum Kultury, Gminnej Biblioteki Publicznej, Dyrektorzy , nauczyciele i m\u0142odzie\u017c wszystkich szk\u00f3\u0142 z terenu gminy, Naczelnik Wydzia\u0142u \u015arodowiska Powiatu Suskiego, Przedsi\u0119biorstwo Gospodarki Komunalnej i Budownictwa w Zawoi, a nawet osoby prywatne i prowadz\u0105ce dzia\u0142alno\u015b\u0107 gospodarcz\u0105.<br \/>\nW trakcie realizacji Projektu przeprowadzono trzy zbi\u00f3rki \u015bmieci na terenie Las\u00f3w Pa\u0144stwowych, las\u00f3w prywatnych oraz na szlakach turystycznych. Zebrano \u0142\u0105cznie 40 work\u00f3w \u015bmieci. Ka\u017cda akcja rozpoczyna\u0142a si\u0119 od pogadanki na temat bezpiecze\u0144stwa i sposobu sprz\u0105tania, przeprowadzonej przez Tomasza Winczewskiego, pracownika Urz\u0119du Gminy w Zawoi. Ka\u017cda akcja zbierania \u015bmieci ko\u0144czy\u0142a si\u0119 ogniskiem. Po jednej z akcji uczniowie na lekcji j\u0119zyka polskiego pisali sprawozdania. Niekt\u00f3re by\u0142y bardzo \u0142adne i zosta\u0142y zg\u0142oszone do konkursu. Wszyscy sprz\u0105taj\u0105cy posiadali r\u0119kawice ochronne. Zbi\u00f3rka w rejonie We\u0142czy by\u0142a prowadzona wsp\u00f3lnie z Nadle\u015bnictwem w Suchej Beskidzkiej. Le\u015bniczy Micha\u0142 Osika z podle\u015bniczym Waldemarem Mi\u015bkowcem prowadzili jedn\u0105 z grup. Na teren sprz\u0105tania m\u0142odzie\u017c dowieziona by\u0142a busem. W sprz\u0105taniu wzi\u0119\u0142o udzia\u0142 126 os\u00f3b, w tym 95 m\u0142odzie\u017cy i 31 doros\u0142ych.<br \/>\nKolejnym dzia\u0142aniem przewidzianym w projekcie by\u0142o przeprowadzenie szkole\u0144 ekologicznych. Przeszkolonych zosta\u0142o 14 grup dzieci i m\u0142odzie\u017cy po minimum 20 os\u00f3b. \u0141\u0105cznie w szkoleniu uczestniczy\u0142o 332 osoby i 38 os\u00f3b doros\u0142ych. W szkoleniach bra\u0142y udzia\u0142 dzieci szk\u00f3\u0142 podstawowych i m\u0142odzie\u017c gimnazjum i liceum. Szkolenia odbywa\u0142y si\u0119 na skwerku edukacyjnym, w sali widowiskowej Babiog\u00f3rskiego Centrum Kultury, a niekt\u00f3re w szko\u0142ach. Opracowano konspekt zaj\u0119\u0107 szkoleniowych i na jego podstawie odbywa\u0142y si\u0119 wszystkie szkolenia. Uczestnicy szkole\u0144 dowiedzieli si\u0119, jak m\u0105drze dokonywa\u0107 zakup\u00f3w, aby by\u0142o jak najmniej \u015bmieci, unika\u0107 niepotrzebnych woreczk\u00f3w i toreb foliowych, stara\u0107 si\u0119 kupi\u0107 towar w opakowaniu, kt\u00f3re nadaje si\u0119 do recyklingu. Poznali gminne zasady zbi\u00f3rki \u015bmieci, nauczyli si\u0119 w\u0142a\u015bciwej segregacji odpad\u00f3w. Poznali harmonogram odbioru odpad\u00f3w. Zapoznali si\u0119 z drog\u0105 odpad\u00f3w od producenta do miejsca sk\u0142adowania na wysypisku, albo wykorzystania odpad\u00f3w, kt\u00f3re mo\u017cna podda\u0107 recyklingowi. Dowiedzieli si\u0119 jak wielki problem stanowi\u0105 bioodpady i jak d\u0142ugo trwa proces rozk\u0142adu niekt\u00f3rych opakowa\u0144. Du\u017ce zainteresowanie budzi\u0142y odpady niebezpieczne i odpady wielkogabarytowe. Z ramienia Urz\u0119du Gminy szkolenia prowadzi\u0142 Tomasz Winczewski. Na zako\u0144czenie ka\u017cdego szkolenia rozdano uczestnikom foldery i zach\u0119cano ich do udzia\u0142u w konkursie artystycznym.<br \/>\nPonadto opracowano i wydano pi\u0119kny kolorowy folder w nak\u0142adzie 1\u00a0000 szt. wykonano afisz informuj\u0105cy o realizacji projektu (100 sztuk), kt\u00f3ry by\u0142 regularnie rozwieszany w szko\u0142ach i na tablicach informacyjnych Urz\u0119du Gminy.<br \/>\nZawojskie Stowarzyszenie wzbogaci\u0142o si\u0119 tak\u017ce o trzy pojemniki na odpady, kt\u00f3re zakupiono w ramach projektu.<br \/>\nOpracowano regulamin i og\u0142oszono Konkurs artystyczny, na kt\u00f3ry wp\u0142yn\u0119\u0142y 2 wiersze, 3 sprawozdania z akcji zbi\u00f3rki \u015bmieci i 76 prac plastycznych. Tak liczny udzia\u0142 m\u0142odzie\u017cy w ca\u0142ym przedsi\u0119wzi\u0119ciu spowodowa\u0142 dla organizator\u00f3w nie ma\u0142y problem i konieczno\u015b\u0107 poszukiwania sponsor\u00f3w. Nagrody ufundowali: Nadle\u015bnictwo w Suchej Beskidzkiej, Wydzia\u0142 \u015arodowiska Starostwa Powiatowego, Gminna Biblioteka Publiczna, Babiog\u00f3rskie Centrum Kultury, nasze Stowarzyszenie. Znacz\u0105c\u0105 kwot\u0119 na nagrody przekaza\u0142 W\u00f3jt Gminy Zawoja Tadeusz Chowaniak.<br \/>\nProtok\u00f3\u0142 komisji konkursowej<br \/>\nDecyzj\u0105 komisji konkursowej w sk\u0142adzie: Przewodnicz\u0105ca- Alina Ku\u015b Urz\u0105d Gminy Zawoja, Cz\u0142onkowie: Lucyna Malczyk &#8211; Gminna Biblioteka Publiczna, Anna Mazur \u2013 Babiog\u00f3rskie Centrum Kultury, Grzegorz Ficek &#8211; Babiog\u00f3rskie Centrum Kultury, Jan Smyrak \u2013 Zawojskie Stowarzyszenie W\u0142a\u015bcicieli Las\u00f3w Prywatnych przyznano nast\u0119puj\u0105ce miejsca i wyr\u00f3\u017cnienia w konkursie artystycznym w ramach zadania \u201eEdukacja ekologiczna dzieci, m\u0142odzie\u017cy i doros\u0142ych na terenie Gminy Zawoja w zwi\u0105zku z nowa organizacj\u0105 zbi\u00f3rki odpad\u00f3w\u201d:<\/p>\n<p>Wyniki konkursu plastycznego<br \/>\nI miejsce Karolina Trzebuniak \u2013 kl II ZSP w Zawoi Mosorne<br \/>\nII miejsce Roksana Basiura klasa III Szko\u0142a Podstawowa Nr 4 w Zawoi Przys\u0142op<br \/>\nIII miejsce Faustyna Polak klasa 0 Szko\u0142a Podstawowa Nr 4 w Zawoi Przys\u0142op<\/p>\n<p>I miejsce Kinga Witek Zesp\u00f3\u0142 Szk\u00f3\u0142 w Zawoi Wilcznej<br \/>\nII miejsce Natalia Pierog klasa III Szko\u0142a Podstawowa Nr 4 w Zawoi Przys\u0142op<br \/>\nIII miejsce Roksana Marek klasa VI ZSP w Zawoi Mosorne<\/p>\n<p>Wyr\u00f3\u017cnienia:<br \/>\n1. Natalia Basiura klasa III<br \/>\n2. Zuzanna Basiura klasa 0 Szko\u0142a Podstawowa Nr 4 w Zawoi Przys\u0142op<br \/>\n3. Artur Polak klasa 0 Szko\u0142a Podstawowa Nr 4 w Zawoi Przys\u0142op<br \/>\n4. Mateusz Smyrak klasa I Szko\u0142a Podstawowa Nr 2 w Zawoi Wilczna<br \/>\n5. Aleksandra Klimasara ZSP w Zawoi Mosorne<br \/>\n6. Gabriela Kozina klasa V Szko\u0142a Podstawowa Nr 5 w Zawoi Go\u0142yni<br \/>\n7. Sara Kaczmarczyk klasa V G Zesp\u00f3\u0142 Szk\u00f3\u0142 w Skawicy<br \/>\n8. Jakub Siko\u0144czyk klasa V B Zesp\u00f3\u0142 Szk\u00f3\u0142 w Skawicy<br \/>\n9. Marzena Spyrka klasa V Szko\u0142a Podstawowa nr 4 w Zawoi Przys\u0142op<br \/>\n10. Marlena Mi\u015bkowiec klasa IV Szko\u0142a Podstawowa Nr 2 w Zawoi Wilczna<br \/>\n11. Marta Mo\u0142ek klasa IV Szko\u0142a Podstawowa Nr 2 Zawoja Wilczna<br \/>\n12. Kacper Smyrak klasa I Zesp\u00f3\u0142 Szk\u00f3\u0142 Zawoja Wilczna<br \/>\n13. Maciej Tomusiak klasa I ZSP w Zawoi Mosorne<br \/>\n14. Dominik Ku\u015b klasa I ZSP w Zawoi Mosorne<br \/>\n15. Marcelina Warta klasa II<br \/>\nWyniki konkursu literackiego<br \/>\nI miejsce Natalia Sowa ZSP w Zawoi Mosorne<br \/>\nI miejsce Marzena Spyrka SP 4 W Zawoi Przys\u0142op<br \/>\nII miejsce Antoni Bojarowicz ZSP w Zawoi Mosorne<br \/>\nIII miejsce Roksana Marek ZSP w Zawoi Mosorne<br \/>\nPodsumowanie projektu i wr\u0119czenie nagr\u00f3d odby\u0142o si\u0119 11 grudnia 2013 r w sali BCK. W spotkaniu wzi\u0119li udzia\u0142 laureaci konkursu plastycznego i literackiego wraz z opiekunami, dyrektorzy szk\u00f3\u0142 oraz przedstawiciele samorz\u0105du gminnego i powiatowego, a tak\u017ce wiceprezes Stowarzyszenia \u201eZielona Linia\u201d.<\/p>\n<p>Dofinansowano ze \u015brodk\u00f3w Programu \u201eDzia\u0142aj Lokalnie VIII\u201d Polsko-Ameryka\u0144skiej Fundacji Wolno\u015bci realizowanego przez Akademi\u0119 Rozwoju Filantropii w Polsce oraz O\u015brodek Dzia\u0142aj Lokalnie przy Babiog\u00f3rskim Stowarzyszeniu Zielona Linia w Stryszawie. +<br \/>\nZarz\u0105d ZSWLP<\/p>\n<div id='gallery-1' class='gallery galleryid-254 gallery-columns-4 gallery-size-thumbnail'><figure class='gallery-item'>\n\t\t\t<div class='gallery-icon landscape'>\n\t\t\t\t<a href='https:\/\/zswlp.pl\/?attachment_id=272'><img loading=\"lazy\" decoding=\"async\" width=\"150\" height=\"150\" src=\"https:\/\/zswlp.pl\/wp-content\/uploads\/IMG_3604-150x150.jpg\" class=\"attachment-thumbnail size-thumbnail\" alt=\"\" \/><\/a>\n\t\t\t<\/div><\/figure><figure class='gallery-item'>\n\t\t\t<div class='gallery-icon landscape'>\n\t\t\t\t<a href='https:\/\/zswlp.pl\/?attachment_id=271'><img loading=\"lazy\" decoding=\"async\" width=\"150\" height=\"150\" src=\"https:\/\/zswlp.pl\/wp-content\/uploads\/IMG_3597-150x150.jpg\" class=\"attachment-thumbnail size-thumbnail\" alt=\"\" \/><\/a>\n\t\t\t<\/div><\/figure><figure class='gallery-item'>\n\t\t\t<div class='gallery-icon landscape'>\n\t\t\t\t<a href='https:\/\/zswlp.pl\/?attachment_id=270'><img loading=\"lazy\" decoding=\"async\" width=\"150\" height=\"150\" src=\"https:\/\/zswlp.pl\/wp-content\/uploads\/IMG_3596-150x150.jpg\" class=\"attachment-thumbnail size-thumbnail\" alt=\"\" \/><\/a>\n\t\t\t<\/div><\/figure><figure class='gallery-item'>\n\t\t\t<div class='gallery-icon landscape'>\n\t\t\t\t<a href='https:\/\/zswlp.pl\/?attachment_id=269'><img loading=\"lazy\" decoding=\"async\" width=\"150\" height=\"150\" src=\"https:\/\/zswlp.pl\/wp-content\/uploads\/IMG_3592-150x150.jpg\" class=\"attachment-thumbnail size-thumbnail\" alt=\"\" \/><\/a>\n\t\t\t<\/div><\/figure><figure class='gallery-item'>\n\t\t\t<div class='gallery-icon landscape'>\n\t\t\t\t<a href='https:\/\/zswlp.pl\/?attachment_id=268'><img loading=\"lazy\" decoding=\"async\" width=\"150\" height=\"150\" src=\"https:\/\/zswlp.pl\/wp-content\/uploads\/IMG_3561-150x150.jpg\" class=\"attachment-thumbnail size-thumbnail\" alt=\"\" \/><\/a>\n\t\t\t<\/div><\/figure><figure class='gallery-item'>\n\t\t\t<div class='gallery-icon landscape'>\n\t\t\t\t<a href='https:\/\/zswlp.pl\/?attachment_id=263'><img loading=\"lazy\" decoding=\"async\" width=\"150\" height=\"150\" src=\"https:\/\/zswlp.pl\/wp-content\/uploads\/IMG_3460-150x150.jpg\" class=\"attachment-thumbnail size-thumbnail\" alt=\"\" \/><\/a>\n\t\t\t<\/div><\/figure><figure class='gallery-item'>\n\t\t\t<div class='gallery-icon landscape'>\n\t\t\t\t<a href='https:\/\/zswlp.pl\/?attachment_id=264'><img loading=\"lazy\" decoding=\"async\" width=\"150\" height=\"150\" src=\"https:\/\/zswlp.pl\/wp-content\/uploads\/IMG_3461-150x150.jpg\" class=\"attachment-thumbnail size-thumbnail\" alt=\"\" \/><\/a>\n\t\t\t<\/div><\/figure><figure class='gallery-item'>\n\t\t\t<div class='gallery-icon landscape'>\n\t\t\t\t<a href='https:\/\/zswlp.pl\/?attachment_id=265'><img loading=\"lazy\" decoding=\"async\" width=\"150\" height=\"150\" src=\"https:\/\/zswlp.pl\/wp-content\/uploads\/IMG_3474-150x150.jpg\" class=\"attachment-thumbnail size-thumbnail\" alt=\"\" \/><\/a>\n\t\t\t<\/div><\/figure><figure class='gallery-item'>\n\t\t\t<div class='gallery-icon landscape'>\n\t\t\t\t<a href='https:\/\/zswlp.pl\/?attachment_id=266'><img loading=\"lazy\" decoding=\"async\" width=\"150\" height=\"150\" src=\"https:\/\/zswlp.pl\/wp-content\/uploads\/IMG_3498-150x150.jpg\" class=\"attachment-thumbnail size-thumbnail\" alt=\"\" \/><\/a>\n\t\t\t<\/div><\/figure><figure class='gallery-item'>\n\t\t\t<div class='gallery-icon landscape'>\n\t\t\t\t<a href='https:\/\/zswlp.pl\/?attachment_id=267'><img loading=\"lazy\" decoding=\"async\" width=\"150\" height=\"150\" src=\"https:\/\/zswlp.pl\/wp-content\/uploads\/IMG_3506-150x150.jpg\" class=\"attachment-thumbnail size-thumbnail\" alt=\"\" \/><\/a>\n\t\t\t<\/div><\/figure><figure class='gallery-item'>\n\t\t\t<div class='gallery-icon landscape'>\n\t\t\t\t<a href='https:\/\/zswlp.pl\/?attachment_id=262'><img loading=\"lazy\" decoding=\"async\" width=\"150\" height=\"150\" src=\"https:\/\/zswlp.pl\/wp-content\/uploads\/IMG_3459-150x150.jpg\" class=\"attachment-thumbnail size-thumbnail\" alt=\"\" \/><\/a>\n\t\t\t<\/div><\/figure><figure class='gallery-item'>\n\t\t\t<div class='gallery-icon landscape'>\n\t\t\t\t<a href='https:\/\/zswlp.pl\/?attachment_id=261'><img loading=\"lazy\" decoding=\"async\" width=\"150\" height=\"150\" src=\"https:\/\/zswlp.pl\/wp-content\/uploads\/IMG_3269-150x150.jpg\" class=\"attachment-thumbnail size-thumbnail\" alt=\"\" \/><\/a>\n\t\t\t<\/div><\/figure><figure class='gallery-item'>\n\t\t\t<div class='gallery-icon landscape'>\n\t\t\t\t<a href='https:\/\/zswlp.pl\/?attachment_id=260'><img loading=\"lazy\" decoding=\"async\" width=\"150\" height=\"150\" src=\"https:\/\/zswlp.pl\/wp-content\/uploads\/IMG_3263-150x150.jpg\" class=\"attachment-thumbnail size-thumbnail\" alt=\"\" \/><\/a>\n\t\t\t<\/div><\/figure><figure class='gallery-item'>\n\t\t\t<div class='gallery-icon landscape'>\n\t\t\t\t<a href='https:\/\/zswlp.pl\/?attachment_id=259'><img loading=\"lazy\" decoding=\"async\" width=\"150\" height=\"150\" src=\"https:\/\/zswlp.pl\/wp-content\/uploads\/IMG_3237-150x150.jpg\" class=\"attachment-thumbnail size-thumbnail\" alt=\"\" \/><\/a>\n\t\t\t<\/div><\/figure><figure class='gallery-item'>\n\t\t\t<div class='gallery-icon landscape'>\n\t\t\t\t<a href='https:\/\/zswlp.pl\/?attachment_id=277'><img loading=\"lazy\" decoding=\"async\" width=\"150\" height=\"150\" src=\"https:\/\/zswlp.pl\/wp-content\/uploads\/IMG_3218-150x150.jpg\" class=\"attachment-thumbnail size-thumbnail\" alt=\"\" \/><\/a>\n\t\t\t<\/div><\/figure><figure class='gallery-item'>\n\t\t\t<div class='gallery-icon landscape'>\n\t\t\t\t<a href='https:\/\/zswlp.pl\/?attachment_id=258'><img loading=\"lazy\" decoding=\"async\" width=\"150\" height=\"150\" src=\"https:\/\/zswlp.pl\/wp-content\/uploads\/IMG_3222-150x150.jpg\" class=\"attachment-thumbnail size-thumbnail\" alt=\"\" \/><\/a>\n\t\t\t<\/div><\/figure><figure class='gallery-item'>\n\t\t\t<div class='gallery-icon landscape'>\n\t\t\t\t<a href='https:\/\/zswlp.pl\/?attachment_id=273'><img loading=\"lazy\" decoding=\"async\" width=\"150\" height=\"150\" src=\"https:\/\/zswlp.pl\/wp-content\/uploads\/IMG_3636-150x150.jpg\" class=\"attachment-thumbnail size-thumbnail\" alt=\"\" \/><\/a>\n\t\t\t<\/div><\/figure><figure class='gallery-item'>\n\t\t\t<div class='gallery-icon landscape'>\n\t\t\t\t<a href='https:\/\/zswlp.pl\/?attachment_id=274'><img loading=\"lazy\" decoding=\"async\" width=\"150\" height=\"150\" src=\"https:\/\/zswlp.pl\/wp-content\/uploads\/IMG_3659-150x150.jpg\" class=\"attachment-thumbnail size-thumbnail\" alt=\"\" \/><\/a>\n\t\t\t<\/div><\/figure><figure class='gallery-item'>\n\t\t\t<div class='gallery-icon landscape'>\n\t\t\t\t<a href='https:\/\/zswlp.pl\/?attachment_id=275'><img loading=\"lazy\" decoding=\"async\" width=\"150\" height=\"150\" src=\"https:\/\/zswlp.pl\/wp-content\/uploads\/IMG_3150-150x150.jpg\" class=\"attachment-thumbnail size-thumbnail\" alt=\"\" \/><\/a>\n\t\t\t<\/div><\/figure><figure class='gallery-item'>\n\t\t\t<div class='gallery-icon landscape'>\n\t\t\t\t<a href='https:\/\/zswlp.pl\/?attachment_id=276'><img loading=\"lazy\" decoding=\"async\" width=\"150\" height=\"150\" src=\"https:\/\/zswlp.pl\/wp-content\/uploads\/IMG_3166-150x150.jpg\" class=\"attachment-thumbnail size-thumbnail\" alt=\"\" \/><\/a>\n\t\t\t<\/div><\/figure>\n\t\t<\/div>\n\n","protected":false},"excerpt":{"rendered":"<p>&nbsp; Zawojskie Stowarzyszenie W\u0142a\u015bcicieli Las\u00f3w Prywatnych uczestniczy\u0142o w konkursie grantowym og\u0142oszonym przez Babiog\u00f3rskie Stowarzyszenie Zielona Linia w Stryszawie realizuj\u0105c\u0105 program Dzia\u0142aj Lokalnie VIII Polsko-Ameryka\u0144skiej Fundacji Wolno\u015bci i pozyskano grant w wysoko\u015bci 3\u00a0000 tysi\u0105ce z\u0142. na realizacj\u0119 zadania \u201eEdukacja ekologiczna , dzieci, m\u0142odzie\u017cy i doros\u0142ych na terenie gminy Zawoja w zwi\u0105zku z now\u0105 organizacj\u0105 zbi\u00f3rki odpad\u00f3w\u201d. &hellip; <a href=\"https:\/\/zswlp.pl\/?page_id=254\" class=\"more-link\">Czytaj dalej <span class=\"screen-reader-text\">\u201eEdukacja ekologiczna , dzieci, m\u0142odzie\u017cy i doros\u0142ych na terenie gminy Zawoja w zwi\u0105zku z now\u0105 organizacj\u0105 zbi\u00f3rki odpad\u00f3w\u201d w ramach Dzia\u0142aj Lokalnie 2013.<\/span> <span class=\"meta-nav\">&rarr;<\/span><\/a><\/p>\n","protected":false},"author":2,"featured_media":0,"parent":54,"menu_order":0,"comment_status":"open","ping_status":"open","template":"","meta":{"ngg_post_thumbnail":0,"footnotes":""},"class_list":["post-254","page","type-page","status-publish","hentry"],"_links":{"self":[{"href":"https:\/\/zswlp.pl\/index.php?rest_route=\/wp\/v2\/pages\/254","targetHints":{"allow":["GET"]}}],"collection":[{"href":"https:\/\/zswlp.pl\/index.php?rest_route=\/wp\/v2\/pages"}],"about":[{"href":"https:\/\/zswlp.pl\/index.php?rest_route=\/wp\/v2\/types\/page"}],"author":[{"embeddable":true,"href":"https:\/\/zswlp.pl\/index.php?rest_route=\/wp\/v2\/users\/2"}],"replies":[{"embeddable":true,"href":"https:\/\/zswlp.pl\/index.php?rest_route=%2Fwp%2Fv2%2Fcomments&post=254"}],"version-history":[{"count":4,"href":"https:\/\/zswlp.pl\/index.php?rest_route=\/wp\/v2\/pages\/254\/revisions"}],"predecessor-version":[{"id":278,"href":"https:\/\/zswlp.pl\/index.php?rest_route=\/wp\/v2\/pages\/254\/revisions\/278"}],"up":[{"embeddable":true,"href":"https:\/\/zswlp.pl\/index.php?rest_route=\/wp\/v2\/pages\/54"}],"wp:attachment":[{"href":"https:\/\/zswlp.pl\/index.php?rest_route=%2Fwp%2Fv2%2Fmedia&parent=254"}],"curies":[{"name":"wp","href":"https:\/\/api.w.org\/{rel}","templated":true}]}}