{"id":140,"date":"2014-12-12T01:49:42","date_gmt":"2014-12-12T01:49:42","guid":{"rendered":"http:\/\/zswlp.pl\/?page_id=140"},"modified":"2014-12-19T18:16:40","modified_gmt":"2014-12-19T18:16:40","slug":"dab-sw-jana-pawla-ii","status":"publish","type":"page","link":"https:\/\/zswlp.pl\/?page_id=140","title":{"rendered":"D\u0105b \u015bw. Jana Paw\u0142a II"},"content":{"rendered":"<div class=\"itemIntroText\">\n<p>Podczas Dnia Papieskiego w Skawicy posadzono d\u0105b \u015bw. Jana Paw\u0142a II.<\/p>\n<p>Obchody Dnia Papieskiego, jak co roku pozwalaj\u0105 po raz kolejny pochyli\u0107 si\u0119 nad pontyfikatem naszego rodaka, Jana Paw\u0142a II. Pozwalaj\u0105 w spos\u00f3b szczeg\u00f3lny zaduma\u0107 si\u0119 nad jego \u017cyciem i drog\u0105 ku \u015bwi\u0119to\u015bci. Wyj\u0105tkowo wspominano naszego papie\u017ca w Skawicy, gdzie opr\u00f3cz uroczystej Mszy \u015awi\u0119tej zasadzono drzewo Jana Paw\u0142a II.<\/p>\n<\/div>\n<div class=\"itemFullText\">\n<p>Podczas obchod\u00f3w pod pomnikiem Jana Paw\u0142a II nie zabrak\u0142o przedstawicieli w\u0142adzy gminy, a tak\u017ce g\u00f3rali, kt\u00f3rych stroje, \u015bpiew oraz oprawa Mszy \u015awi\u0119tej ustanowi\u0142y ten dzie\u0144 jeszcze bardziej wyj\u0105tkowym.<\/p>\n<p>O ka\u017cdy detal tego wydarzenia zadbali cz\u0142onkowie Zawojskiego Stowarzyszenia W\u0142a\u015bcicieli Las\u00f3w Prywatnych, kt\u00f3rzy realizuj\u0105 w\u0142a\u015bnie projekt pt. \u201eNajwy\u017cszy czas posadzi\u0107 las \u2013 dla uczczenia odzyskania wolno\u015bci\u201d. Zasadzenie drzewa na szlaku papieskim stanowi\u0142o jeden z element\u00f3w przeprowadzanego projektu. Granty na ten cel Stowarzyszenie uzyska\u0142o z programu \u201eDzia\u0142aj Lokalnie\u201d, kt\u00f3ry koordynowany jest przez Babiog\u00f3rskie Stowarzyszenie Zielona Linia.<\/p>\n<div id='gallery-1' class='gallery galleryid-140 gallery-columns-6 gallery-size-thumbnail'><figure class='gallery-item'>\n\t\t\t<div class='gallery-icon landscape'>\n\t\t\t\t<a href='https:\/\/zswlp.pl\/wp-content\/uploads\/IMG_47541.jpg'><img loading=\"lazy\" decoding=\"async\" width=\"150\" height=\"150\" src=\"https:\/\/zswlp.pl\/wp-content\/uploads\/IMG_47541-150x150.jpg\" class=\"attachment-thumbnail size-thumbnail\" alt=\"\" \/><\/a>\n\t\t\t<\/div><\/figure><figure class='gallery-item'>\n\t\t\t<div class='gallery-icon landscape'>\n\t\t\t\t<a href='https:\/\/zswlp.pl\/wp-content\/uploads\/IMG_47531.jpg'><img loading=\"lazy\" decoding=\"async\" width=\"150\" height=\"150\" src=\"https:\/\/zswlp.pl\/wp-content\/uploads\/IMG_47531-150x150.jpg\" class=\"attachment-thumbnail size-thumbnail\" alt=\"\" \/><\/a>\n\t\t\t<\/div><\/figure><figure class='gallery-item'>\n\t\t\t<div class='gallery-icon landscape'>\n\t\t\t\t<a href='https:\/\/zswlp.pl\/wp-content\/uploads\/IMG_47461.jpg'><img loading=\"lazy\" decoding=\"async\" width=\"150\" height=\"150\" src=\"https:\/\/zswlp.pl\/wp-content\/uploads\/IMG_47461-150x150.jpg\" class=\"attachment-thumbnail size-thumbnail\" alt=\"\" \/><\/a>\n\t\t\t<\/div><\/figure><figure class='gallery-item'>\n\t\t\t<div class='gallery-icon landscape'>\n\t\t\t\t<a href='https:\/\/zswlp.pl\/wp-content\/uploads\/IMG_47451.jpg'><img loading=\"lazy\" decoding=\"async\" width=\"150\" height=\"150\" src=\"https:\/\/zswlp.pl\/wp-content\/uploads\/IMG_47451-150x150.jpg\" class=\"attachment-thumbnail size-thumbnail\" alt=\"\" \/><\/a>\n\t\t\t<\/div><\/figure><figure class='gallery-item'>\n\t\t\t<div class='gallery-icon landscape'>\n\t\t\t\t<a href='https:\/\/zswlp.pl\/wp-content\/uploads\/IMG_47431.jpg'><img loading=\"lazy\" decoding=\"async\" width=\"150\" height=\"150\" src=\"https:\/\/zswlp.pl\/wp-content\/uploads\/IMG_47431-150x150.jpg\" class=\"attachment-thumbnail size-thumbnail\" alt=\"\" \/><\/a>\n\t\t\t<\/div><\/figure><figure class='gallery-item'>\n\t\t\t<div class='gallery-icon landscape'>\n\t\t\t\t<a href='https:\/\/zswlp.pl\/wp-content\/uploads\/IMG_47422.jpg'><img loading=\"lazy\" decoding=\"async\" width=\"150\" height=\"150\" src=\"https:\/\/zswlp.pl\/wp-content\/uploads\/IMG_47422-150x150.jpg\" class=\"attachment-thumbnail size-thumbnail\" alt=\"\" \/><\/a>\n\t\t\t<\/div><\/figure><figure class='gallery-item'>\n\t\t\t<div class='gallery-icon landscape'>\n\t\t\t\t<a href='https:\/\/zswlp.pl\/wp-content\/uploads\/IMG_4777.jpg'><img loading=\"lazy\" decoding=\"async\" width=\"150\" height=\"150\" src=\"https:\/\/zswlp.pl\/wp-content\/uploads\/IMG_4777-150x150.jpg\" class=\"attachment-thumbnail size-thumbnail\" alt=\"\" \/><\/a>\n\t\t\t<\/div><\/figure><figure class='gallery-item'>\n\t\t\t<div class='gallery-icon landscape'>\n\t\t\t\t<a href='https:\/\/zswlp.pl\/wp-content\/uploads\/IMG_4776.jpg'><img loading=\"lazy\" decoding=\"async\" width=\"150\" height=\"150\" src=\"https:\/\/zswlp.pl\/wp-content\/uploads\/IMG_4776-150x150.jpg\" class=\"attachment-thumbnail size-thumbnail\" alt=\"\" \/><\/a>\n\t\t\t<\/div><\/figure><figure class='gallery-item'>\n\t\t\t<div class='gallery-icon landscape'>\n\t\t\t\t<a href='https:\/\/zswlp.pl\/wp-content\/uploads\/IMG_4774.jpg'><img loading=\"lazy\" decoding=\"async\" width=\"150\" height=\"150\" src=\"https:\/\/zswlp.pl\/wp-content\/uploads\/IMG_4774-150x150.jpg\" class=\"attachment-thumbnail size-thumbnail\" alt=\"\" \/><\/a>\n\t\t\t<\/div><\/figure><figure class='gallery-item'>\n\t\t\t<div class='gallery-icon landscape'>\n\t\t\t\t<a href='https:\/\/zswlp.pl\/wp-content\/uploads\/IMG_4773.jpg'><img loading=\"lazy\" decoding=\"async\" width=\"150\" height=\"150\" src=\"https:\/\/zswlp.pl\/wp-content\/uploads\/IMG_4773-150x150.jpg\" class=\"attachment-thumbnail size-thumbnail\" alt=\"\" \/><\/a>\n\t\t\t<\/div><\/figure><figure class='gallery-item'>\n\t\t\t<div class='gallery-icon landscape'>\n\t\t\t\t<a href='https:\/\/zswlp.pl\/wp-content\/uploads\/IMG_4772.jpg'><img loading=\"lazy\" decoding=\"async\" width=\"150\" height=\"150\" src=\"https:\/\/zswlp.pl\/wp-content\/uploads\/IMG_4772-150x150.jpg\" class=\"attachment-thumbnail size-thumbnail\" alt=\"\" \/><\/a>\n\t\t\t<\/div><\/figure><figure class='gallery-item'>\n\t\t\t<div class='gallery-icon landscape'>\n\t\t\t\t<a href='https:\/\/zswlp.pl\/wp-content\/uploads\/IMG_4768.jpg'><img loading=\"lazy\" decoding=\"async\" width=\"150\" height=\"150\" src=\"https:\/\/zswlp.pl\/wp-content\/uploads\/IMG_4768-150x150.jpg\" class=\"attachment-thumbnail size-thumbnail\" alt=\"\" \/><\/a>\n\t\t\t<\/div><\/figure><figure class='gallery-item'>\n\t\t\t<div class='gallery-icon landscape'>\n\t\t\t\t<a href='https:\/\/zswlp.pl\/wp-content\/uploads\/IMG_4763.jpg'><img loading=\"lazy\" decoding=\"async\" width=\"150\" height=\"150\" src=\"https:\/\/zswlp.pl\/wp-content\/uploads\/IMG_4763-150x150.jpg\" class=\"attachment-thumbnail size-thumbnail\" alt=\"\" \/><\/a>\n\t\t\t<\/div><\/figure><figure class='gallery-item'>\n\t\t\t<div class='gallery-icon landscape'>\n\t\t\t\t<a href='https:\/\/zswlp.pl\/wp-content\/uploads\/IMG_47591.jpg'><img loading=\"lazy\" decoding=\"async\" width=\"150\" height=\"150\" src=\"https:\/\/zswlp.pl\/wp-content\/uploads\/IMG_47591-150x150.jpg\" class=\"attachment-thumbnail size-thumbnail\" alt=\"\" \/><\/a>\n\t\t\t<\/div><\/figure><figure class='gallery-item'>\n\t\t\t<div class='gallery-icon landscape'>\n\t\t\t\t<a href='https:\/\/zswlp.pl\/wp-content\/uploads\/IMG_4760.jpg'><img loading=\"lazy\" decoding=\"async\" width=\"150\" height=\"150\" src=\"https:\/\/zswlp.pl\/wp-content\/uploads\/IMG_4760-150x150.jpg\" class=\"attachment-thumbnail size-thumbnail\" alt=\"\" \/><\/a>\n\t\t\t<\/div><\/figure><figure class='gallery-item'>\n\t\t\t<div class='gallery-icon landscape'>\n\t\t\t\t<a href='https:\/\/zswlp.pl\/wp-content\/uploads\/IMG_4761.jpg'><img loading=\"lazy\" decoding=\"async\" width=\"150\" height=\"150\" src=\"https:\/\/zswlp.pl\/wp-content\/uploads\/IMG_4761-150x150.jpg\" class=\"attachment-thumbnail size-thumbnail\" alt=\"\" \/><\/a>\n\t\t\t<\/div><\/figure><figure class='gallery-item'>\n\t\t\t<div class='gallery-icon landscape'>\n\t\t\t\t<a href='https:\/\/zswlp.pl\/wp-content\/uploads\/IMG_4762.jpg'><img loading=\"lazy\" decoding=\"async\" width=\"150\" height=\"150\" src=\"https:\/\/zswlp.pl\/wp-content\/uploads\/IMG_4762-150x150.jpg\" class=\"attachment-thumbnail size-thumbnail\" alt=\"\" \/><\/a>\n\t\t\t<\/div><\/figure><figure class='gallery-item'>\n\t\t\t<div class='gallery-icon landscape'>\n\t\t\t\t<a href='https:\/\/zswlp.pl\/wp-content\/uploads\/IMG_47581.jpg'><img loading=\"lazy\" decoding=\"async\" width=\"150\" height=\"150\" src=\"https:\/\/zswlp.pl\/wp-content\/uploads\/IMG_47581-150x150.jpg\" class=\"attachment-thumbnail size-thumbnail\" alt=\"\" \/><\/a>\n\t\t\t<\/div><\/figure><figure class='gallery-item'>\n\t\t\t<div class='gallery-icon landscape'>\n\t\t\t\t<a href='https:\/\/zswlp.pl\/wp-content\/uploads\/IMG_4745.jpg'><img loading=\"lazy\" decoding=\"async\" width=\"150\" height=\"150\" src=\"https:\/\/zswlp.pl\/wp-content\/uploads\/IMG_4745-150x150.jpg\" class=\"attachment-thumbnail size-thumbnail\" alt=\"\" \/><\/a>\n\t\t\t<\/div><\/figure><figure class='gallery-item'>\n\t\t\t<div class='gallery-icon landscape'>\n\t\t\t\t<a href='https:\/\/zswlp.pl\/wp-content\/uploads\/IMG_4746.jpg'><img loading=\"lazy\" decoding=\"async\" width=\"150\" height=\"150\" src=\"https:\/\/zswlp.pl\/wp-content\/uploads\/IMG_4746-150x150.jpg\" class=\"attachment-thumbnail size-thumbnail\" alt=\"\" \/><\/a>\n\t\t\t<\/div><\/figure><figure class='gallery-item'>\n\t\t\t<div class='gallery-icon landscape'>\n\t\t\t\t<a href='https:\/\/zswlp.pl\/wp-content\/uploads\/IMG_4743.jpg'><img loading=\"lazy\" decoding=\"async\" width=\"150\" height=\"150\" src=\"https:\/\/zswlp.pl\/wp-content\/uploads\/IMG_4743-150x150.jpg\" class=\"attachment-thumbnail size-thumbnail\" alt=\"\" \/><\/a>\n\t\t\t<\/div><\/figure><figure class='gallery-item'>\n\t\t\t<div class='gallery-icon landscape'>\n\t\t\t\t<a href='https:\/\/zswlp.pl\/wp-content\/uploads\/IMG_4754.jpg'><img loading=\"lazy\" decoding=\"async\" width=\"150\" height=\"150\" src=\"https:\/\/zswlp.pl\/wp-content\/uploads\/IMG_4754-150x150.jpg\" class=\"attachment-thumbnail size-thumbnail\" alt=\"\" \/><\/a>\n\t\t\t<\/div><\/figure><figure class='gallery-item'>\n\t\t\t<div class='gallery-icon landscape'>\n\t\t\t\t<a href='https:\/\/zswlp.pl\/wp-content\/uploads\/IMG_4742-e1418517424703.jpg'><img loading=\"lazy\" decoding=\"async\" width=\"150\" height=\"150\" src=\"https:\/\/zswlp.pl\/wp-content\/uploads\/IMG_4742-150x150.jpg\" class=\"attachment-thumbnail size-thumbnail\" alt=\"\" \/><\/a>\n\t\t\t<\/div><\/figure>\n\t\t<\/div>\n\n<p><a href=\"http:\/\/zswlp.pl\/wp-content\/uploads\/IMG_47581.jpg\"><br \/>\n<\/a><a href=\"http:\/\/zswlp.pl\/wp-content\/uploads\/IMG_4762.jpg\"><br \/>\n<\/a><a href=\"http:\/\/zswlp.pl\/wp-content\/uploads\/IMG_4768.jpg\"><br \/>\n<\/a> <a href=\"http:\/\/zswlp.pl\/wp-content\/uploads\/IMG_4772.jpg\"><br \/>\n<\/a> <a href=\"http:\/\/zswlp.pl\/wp-content\/uploads\/IMG_4773.jpg\"><br \/>\n<\/a><a href=\"http:\/\/zswlp.pl\/wp-content\/uploads\/IMG_4777.jpg\"><br \/>\n<\/a> <a href=\"http:\/\/zswlp.pl\/wp-content\/uploads\/IMG_47422.jpg\"><br \/>\n<\/a><a href=\"http:\/\/zswlp.pl\/wp-content\/uploads\/IMG_47461.jpg\"><br \/>\n<\/a><\/p>\n<\/div>\n","protected":false},"excerpt":{"rendered":"<p>Podczas Dnia Papieskiego w Skawicy posadzono d\u0105b \u015bw. Jana Paw\u0142a II. Obchody Dnia Papieskiego, jak co roku pozwalaj\u0105 po raz kolejny pochyli\u0107 si\u0119 nad pontyfikatem naszego rodaka, Jana Paw\u0142a II. Pozwalaj\u0105 w spos\u00f3b szczeg\u00f3lny zaduma\u0107 si\u0119 nad jego \u017cyciem i drog\u0105 ku \u015bwi\u0119to\u015bci. Wyj\u0105tkowo wspominano naszego papie\u017ca w Skawicy, gdzie opr\u00f3cz uroczystej Mszy \u015awi\u0119tej zasadzono &hellip; <a href=\"https:\/\/zswlp.pl\/?page_id=140\" class=\"more-link\">Czytaj dalej <span class=\"screen-reader-text\">D\u0105b \u015bw. Jana Paw\u0142a II<\/span> <span class=\"meta-nav\">&rarr;<\/span><\/a><\/p>\n","protected":false},"author":2,"featured_media":0,"parent":109,"menu_order":0,"comment_status":"open","ping_status":"open","template":"","meta":{"ngg_post_thumbnail":0,"footnotes":""},"class_list":["post-140","page","type-page","status-publish","hentry"],"_links":{"self":[{"href":"https:\/\/zswlp.pl\/index.php?rest_route=\/wp\/v2\/pages\/140","targetHints":{"allow":["GET"]}}],"collection":[{"href":"https:\/\/zswlp.pl\/index.php?rest_route=\/wp\/v2\/pages"}],"about":[{"href":"https:\/\/zswlp.pl\/index.php?rest_route=\/wp\/v2\/types\/page"}],"author":[{"embeddable":true,"href":"https:\/\/zswlp.pl\/index.php?rest_route=\/wp\/v2\/users\/2"}],"replies":[{"embeddable":true,"href":"https:\/\/zswlp.pl\/index.php?rest_route=%2Fwp%2Fv2%2Fcomments&post=140"}],"version-history":[{"count":4,"href":"https:\/\/zswlp.pl\/index.php?rest_route=\/wp\/v2\/pages\/140\/revisions"}],"predecessor-version":[{"id":187,"href":"https:\/\/zswlp.pl\/index.php?rest_route=\/wp\/v2\/pages\/140\/revisions\/187"}],"up":[{"embeddable":true,"href":"https:\/\/zswlp.pl\/index.php?rest_route=\/wp\/v2\/pages\/109"}],"wp:attachment":[{"href":"https:\/\/zswlp.pl\/index.php?rest_route=%2Fwp%2Fv2%2Fmedia&parent=140"}],"curies":[{"name":"wp","href":"https:\/\/api.w.org\/{rel}","templated":true}]}}